se y + 4*l - 5 = 2, 3*y - z = 5*l. What is the highest common factor of 88 and y?
11
Suppose 3*l + c = -3*c + 754, -5*c + 1260 = 5*l. Let k be 4/(-14) + l/7. Suppose 18*h = 29*h + 30*h - 2214. Calculate the highest common divisor of h and k.
18
Let x(o) = 555*o**2 - 7*o + 5. Let a be x(1). Calculate the greatest common factor of 7 and a.
7
Let o = -10 + 8. Let x be 3 + -17*o/2. Suppose -25*k + 30*k - 250 = 0. Calculate the highest common divisor of x and k.
10
Let b(w) be the third derivative of 5*w**4/24 + w**3/6 + w**2. Let s be b(1). Suppose x = -4 + s. What is the highest common divisor of 6 and x?
2
Suppose 4*l + 2*q + q - 5 = 0, l - 4*q = 25. What is the highest common factor of 215 and l?
5
Suppose 57*g - z = 52*g + 998, 0 = -5*g - 3*z + 1006. What is the greatest common factor of 75 and g?
25
Let y = -50 - -75. Let x = -24 + y. What is the greatest common divisor of x and 4?
1
Suppose 3*m = -5*x - 9, m - x = 3*x + 14. Suppose -m*z + 154 = -h - 21, -3*z - 5*h = -230. Calculate the highest common factor of 17 and z.
17
Suppose -7*a + 150 = -a. Suppose -75 = -5*m + a. What is the highest common factor of 180 and m?
20
Let r = 40 + -4. Let d be (-2)/7 + (-344)/(-28). What is the greatest common factor of d and r?
12
Let t(w) = 9*w - 31. Let s be t(4). Calculate the greatest common factor of 4 and s.
1
Let m(i) = 22*i + 22. Let o be m(3). What is the greatest common factor of o and 11?
11
Let f = 14 + -2. Let o(g) = g**2 + 33*g - 244. Let i be o(-41). Calculate the greatest common factor of i and f.
12
Let q be (-771)/(-12)*24/6. Let s be (-9*1)/(5/85). Let j = q + s. What is the highest common factor of j and 13?
13
Let b(j) = 7*j + 1. Let s be b(1). Calculate the highest common divisor of 296 and s.
8
Let k = -992 + 1064. What is the greatest common divisor of k and 456?
24
Let y = 139 - 212. Let z = y + 139. What is the highest common factor of 6 and z?
6
Suppose -56*j + 41*j + 20250 = 0. Calculate the highest common factor of j and 30.
30
Let l(f) = f**3 - 2*f**2 - 5*f + 2. Let p be l(4). Let k(b) = -b**3 + 8*b**2 + 3*b + 11. Let g be k(8). Calculate the highest common divisor of p and g.
7
Suppose 10*t - 75 = -15. What is the greatest common divisor of t and 24?
6
Let l be (-84)/2*63/(-14). Calculate the greatest common divisor of l and 108.
27
Let x(v) = -v**2 - 7*v + 38. Let g be x(-9). Let k be (0 - 142/(-1)) + -2. Calculate the greatest common factor of g and k.
20
Suppose 60*a = 59*a + 442. Calculate the highest common factor of 68 and a.
34
Suppose -17*y + 13*y = -d - 1701, 1705 = 4*y - 5*d. Calculate the highest common factor of y and 85.
85
Let p be (6*2)/((-13)/((-260)/8)). Calculate the highest common factor of 160 and p.
10
Let k be 3/((-6)/(-2)) - -23. Calculate the highest common divisor of k and 66.
6
Suppose -15 + 41 = k. Suppose -2*r + 5*q = -15, -2*r = q + q - 50. Let d = k - r. What is the highest common factor of 24 and d?
6
Suppose 5*g + 2*j = g + 22, -60 = -5*g + 4*j. What is the greatest common factor of g and 24?
8
Let x = 2321 - 1589. What is the highest common factor of x and 12?
12
Suppose 0 = -5*c + 14 + 6. Suppose -c*x - 62 = -86. Suppose j = -0*j + 15. What is the greatest common factor of j and x?
3
Let t = -43 - -49. What is the highest common divisor of 6 and t?
6
Suppose 4*t - 85 = 5*g, -9*t + 11*t - g = 41. Calculate the greatest common factor of t and 45.
5
Suppose -r + 274 = -90. Suppose 0*l + r = 4*l. Suppose 0 = -f + 3 + 10. Calculate the highest common divisor of f and l.
13
Let q(y) = 27*y - 213. Let g be q(13). What is the highest common divisor of g and 506?
46
Let v(d) = d**3 + 10*d**2 - 10*d + 24. Let o be v(-11). Suppose 2*w + 2*j = -0*w + 10, -3*w = 5*j - o. What is the highest common divisor of w and 24?
6
Let c be 4 + -14*(-1)/(-2). Let w be 69 - c/(6/8). Suppose -5*k = 4*j - w, 22 = 5*j - 4*k - 18. What is the highest common divisor of j and 24?
12
Let t be 5 + (-84)/(-4) + -2 + 6. What is the greatest common divisor of 165 and t?
15
Let c(h) = 10*h + 25. Let m be c(-2). Calculate the greatest common factor of 390 and m.
5
Suppose -f + 32 = -5*g, 2*f - 37 = -2*g + 3*g. Calculate the highest common divisor of f and 153.
17
Let z = -2 - -4. Suppose -4*h + 10 = -q, -4*h - 3*q + 15 = -3. Suppose 0 = -h*j + 5*u + 99, z*j - u - 4*u = 66. Calculate the highest common factor of j and 22.
11
Let b be 36/(-15)*1*-5. Suppose -4*w + b = -0*w. Let v be (-30 + 39)/(2/(4/3)). What is the highest common factor of v and w?
3
Let i(r) = 4*r**2 + 21*r - 13. Let k be i(21). Calculate the greatest common divisor of 16 and k.
16
Suppose -33*s + 7843 = -10*s. What is the greatest common factor of s and 93?
31
Let r(h) = -h**3 - 3*h**2 + h + 3. Let t be r(-3). Suppose 0 = q - t*q - 12. Suppose 195*a - 5786 - 7522 = 7752. Calculate the highest common factor of a and q.
12
Let p(b) = 2*b**3 - 10*b**2 + 2*b - 1. Let m be p(7). Suppose 2*j = 119 - 33. Suppose j = 4*v - 33. What is the greatest common factor of m and v?
19
Let f(q) = 3*q**2 - 5*q + 5. Let v be f(5). Suppose -2*x + 2 = -6. Suppose 0 = -n - x*n + 25. What is the highest common factor of v and n?
5
Suppose -2 + 52 = -5*l. Let o be (1 + 3)*(-25)/l. Suppose 8 = 5*i + 5*c - 12, i - o = 2*c. What is the highest common divisor of i and 3?
3
Suppose s - 228 = 15. Let g be 272/10 + (-1)/5. What is the greatest common divisor of s and g?
27
Suppose -2*h + 5*b = -55 - 11, -95 = -5*h - 5*b. Suppose 5*y - 3*d - d = 785, -639 = -4*y + d. What is the greatest common divisor of h and y?
23
Suppose 0*g + 108 = 4*g. Let u be 148/(-222)*(-9)/2. Calculate the greatest common factor of g and u.
3
Suppose 0 = 4*q - 4*n + 4, 2*n = 5*q - 7. Suppose -2*g = -q*g + 13. Suppose 0 = 4*d - 45 - 7. What is the highest common factor of g and d?
13
Suppose -15*v + 5*t = -10*v - 1360, v - 272 = 2*t. Calculate the highest common divisor of v and 48.
16
Let u = -12 + 48. Suppose 0*t + 108 = 4*t. Calculate the highest common divisor of t and u.
9
Suppose 0 = 5*r + 3*l + 2, 3*l + 3 = -4*r - 1. Suppose r*k = -74 + 8. Let f be (-39)/k + (-4)/22. What is the greatest common factor of 2 and f?
1
Let c(v) = -v - 6. Let a be c(-10). Suppose 0*i + a*i = 0. Suppose -5*g + 48 = -4*j, i*j = -g + 2*j + 12. Calculate the highest common divisor of g and 64.
8
Suppose 5*z - 206 = 2*z + 4*n, 3*z - 196 = -n. Suppose 21 = -m - 5. Let k = 70 + m. What is the highest common divisor of z and k?
22
Let l(g) = -g**2 + 7*g - 7. Let r be l(5). Suppose 3*n + 5*w = 75, 4*n = r*w - 0*w + 129. Let u = -25 + 31. What is the greatest common divisor of u and n?
6
Let r be (2/(-5))/((-4)/60). Let o = -17 + 20. Let p = o - 0. Calculate the greatest common divisor of r and p.
3
Suppose 57*p + 910 = 67*p. Let y(u) = u**2 - 4*u - 6. Let j be y(8). What is the greatest common divisor of j and p?
13
Let y(p) = -2*p**3 + 2*p**2 + 13*p + 22. Let m be y(-6). What is the highest common factor of 8 and m?
8
Suppose -4*k + 2*k = -5*x - 646, 0 = 5*x. Calculate the greatest common factor of 17 and k.
17
Let b(g) = g**3 + 15*g**2 + 26*g + 12. Let v be b(-13). Let k = -33 + 51. What is the greatest common factor of v and k?
6
Let v be -3 - (0 - (27 + -1)/(-2)). Let m = 6 - v. What is the highest common divisor of m and 2?
2
Let c(j) be the second derivative of 13*j**3/6 - 9*j**2/2 + 19*j. Let x be c(6). What is the greatest common factor of 23 and x?
23
Let j(q) = q**3 - 2*q**2 - 5. Let b be j(5). Let y be (434/155)/(2*3/30). What is the greatest common factor of b and y?
14
Let z(y) = 3*y - 105. Let r be z(0). Let p = r - -213. Calculate the greatest common divisor of p and 12.
12
Suppose 5*d + 8 - 33 = 0. Suppose 3*o - 2*o - 100 = -4*j, -400 = -4*o - d*j. What is the highest common factor of o and 40?
20
Let o(h) = -11*h - 68. Let v be o(-8). Calculate the greatest common factor of 6 and v.
2
Let t(j) = -1. Let w(p) = -p**2 - 7*p - 11. Let i(a) = -4*t(a) - w(a). Let n be i(-10). Calculate the greatest common divisor of 15 and n.
15
Let s(c) = -4*c - 8. Let m be s(-8). Let f be 12/9*(312/6 - -2). Calculate the greatest common divisor of m and f.
24
Let r(u) = u - 9. Let d(b) = b - 10. Let k(x) = 5*d(x) - 6*r(x). Let z = -13 - -6. Let q be k(z). Calculate the highest common factor of 44 and q.
11
Suppose 58*o = 38*o + 180. What i